 digit of v(-11)?
4
Suppose 0 = 10*y - 1146 - 2714. What is the hundreds digit of y?
3
Let f be -1*(3 - -5) + 1. Let t be f*3*15/(-3). Suppose 2*w = 16 - 6, 5*j + 2*w = t. What is the units digit of j?
9
Suppose -2*r + 499 = -5*n, r = -9*n + 6*n + 255. Let w = r + -133. What is the units digit of w?
9
Suppose -u + 4 = -14. What is the units digit of -111*-3*2/u?
7
Suppose 0 = 3*k + 9, 3*k + 2*k + 1775 = 5*z. What is the units digit of z?
2
Suppose -982 = 1126*c - 1128*c. What is the hundreds digit of c?
4
Let a be -5 + 1 - -1*20. Suppose a*n = 12*n. Suppose m + 5*f - 37 = n, m - 4*f - 5 = 14. What is the tens digit of m?
2
Let a be 7 - 1*(0 + 4). Let x(i) = -i + 16 + i**a - 12 - i + 4*i**2 + 4*i. What is the units digit of x(-3)?
7
Let i = -941 - -1329. What is the tens digit of i?
8
Suppose -3*w + 3*u + 3 = 0, -6*u + 2*u - 14 = w. What is the tens digit of (3/w - -1) + 49/2?
2
Suppose -14089 = -11*c + 17041. What is the units digit of c?
0
Suppose -4*k = -3*a - 24 + 5, 2*a + 10 = 2*k. What is the tens digit of 72 - a - (4 - 5)?
7
Let n = 600 - -1213. What is the hundreds digit of n?
8
Let n = -449 - -1130. What is the tens digit of n?
8
Let s(d) be the third derivative of d**6/120 + 3*d**5/40 + d**4/8 + d**3 - 7*d**2. Let x(t) be the first derivative of s(t). What is the units digit of x(-5)?
3
Suppose 2124 = -17*t + 7462. Let y = -170 + t. What is the hundreds digit of y?
1
Let u be (-3 + 138/30)*10/4. Suppose s - 33 = -u*i, -8*i + 11*i = -3*s + 81. What is the tens digit of s?
2
Let p(v) = -179*v + 3. Let i be p(-2). Suppose -i + 1187 = 7*w. What is the tens digit of w?
1
Let c be 3/9*3 - -75. Suppose -2*m = -0*m - c. What is the units digit of m?
8
Let i(d) = -d**3 + 26*d**2 - 2*d - 15. What is the hundreds digit of i(8)?
1
Let m(z) = z**3 - 7*z**2 - 5*z - 19. Let c be m(8). Suppose -2*g = -3*g - c, 2*g = u - 115. What is the tens digit of u?
0
Let o(y) = y**2 - 5*y + 54. Let i be o(10). Let f = i - -11. What is the hundreds digit of f?
1
Let i be ((-309)/(-6) + 3)*-1*2. What is the hundreds digit of -4 + 2 - (i - (1 + -3))?
1
Suppose -5*a + 2*o + 2649 = 0, -4*a + 2*o + 53 + 2067 = 0. What is the units digit of a?
9
Let r be (-3 - 2/(-2))*(-130)/52. Suppose 0 = -3*w + r + 19. What is the units digit of w?
8
Let b(s) = 7*s**2 + 74*s - 142. What is the thousands digit of b(-30)?
3
Suppose 102 = g - 4*m, -5*m + 0 = -g + 97. Suppose 5*b - g = 3*b. What is the tens digit of b?
6
Let a be (6/(-9))/((-40)/18 - -2). Suppose 3*h = 5*h + 4*l - 62, -a*h = -2*l - 69. What is the units digit of h?
5
Suppose -2762 - 1830 = -7*l. What is the units digit of l?
6
Let s(z) = -z + 16. Let p(v) be the first derivative of -v**4/4 + 5*v**3/3 - v**2 + 4*v - 4. Let h be p(4). What is the units digit of s(h)?
4
Let v(k) = 9*k**2 - 4*k - 12. What is the units digit of v(-14)?
8
Let p(j) = 9*j + 27*j - 12*j - 4*j + 30*j. Suppose -5*s + 10*s - 5 = 0. What is the tens digit of p(s)?
5
Let g = 17 + -14. Suppose -t - 1 = -2*k, -g = 3*k - k + 3*t. Suppose k = -m - m + 5*s + 129, -m = -2*s - 65. What is the tens digit of m?
6
Let i(p) = -33*p - 8. Let y be i(-7). Suppose -4*w - h = -y - 255, -362 = -3*w + h. Suppose 11*j = 5*j + w. What is the units digit of j?
0
Let b = -13 - -14. What is the tens digit of (0 + 43)/1*b?
4
Let b = 40 - 18. Suppose 21*g = b*g - 8. What is the units digit of g?
8
Suppose 3*a + 2*m + 4 = 0, -a - 2*a - 6 = 3*m. Suppose a = -4*b - 13 - 7. Let c(w) = -w**3 - 3*w**2 - w - 10. What is the tens digit of c(b)?
4
Let s(c) be the third derivative of -c**4/24 - c**3/6 + 8*c**2. Let p be s(0). Let m = p - -12. What is the units digit of m?
1
Let l be ((-15)/10)/(6/40). Let s = -9 + -23. Let r = l - s. What is the units digit of r?
2
Suppose t - 5 = -0*t. Suppose -2*d - 26 = t*z, 6*z = -d + 3*z - 15. What is the units digit of (4/d)/(4/(-54))?
8
Suppose 0*b + 4*b = 0. Suppose b*s = o + 4*s - 62, -5*o + 3*s = -425. Suppose -171 = -5*x - v, 0 = -x + 3*x - 3*v - o. What is the units digit of x?
5
Let f(t) = -t**3 - 5*t**2 - 5*t - 1. Let a be f(-4). Suppose -2*v - a*v = -315. What is the tens digit of v?
6
Let z = 10 - 20. What is the tens digit of (-1064)/(-32) + z/8?
3
What is the tens digit of 4202/8 + 150/(-120)?
2
Let n be -2 - -6*8/12. Let o = 27 + -27. Suppose o = -6*v + n*v + 24. What is the units digit of v?
6
Let c(p) = -p**3 + 12*p**2 + 13*p + 4. Let g be c(13). Suppose 0 = g*l + 5*l - 1503. What is the hundreds digit of l?
1
Suppose 2*y = 4*y - 18. Let a(i) = 7*i + y*i + 10 - 10*i - 5. What is the tens digit of a(3)?
2
What is the hundreds digit of (-8099)/(-21) + 2/6?
3
Suppose 15*y = 27992 - 10457. What is the tens digit of y?
6
Let i(n) = -n**3 - 11*n**2 - 4*n + 5. Let w(g) = -g. Let b be w(12). Let f be i(b). Suppose -2*q = 5*k - 0*q - f, 66 = 2*k + 4*q. What is the tens digit of k?
4
Suppose 36*n - 32*n - 360 = 0. Suppose 3*r + n = 474. What is the units digit of r?
8
Let v be ((-12)/(-18))/((-6)/(-27)). Suppose -v*o - 6*o + 459 = 0. What is the units digit of o?
1
Suppose -650 + 141 = -b. Suppose 0 = h - z - 103, 4*h = -h + 3*z + b. What is the tens digit of h?
0
Let n(t) be the first derivative of -t**4 - t + 1/3*t**3 - 5 - 1/2*t**2. What is the units digit of n(-1)?
5
What is the tens digit of 376 - -6 - (8/2 - 8)?
8
Suppose -3*x = -f - 11, -x - 2*f + 0*f = -13. Suppose 3*q - 2 = u, 5*q + 10 - 60 = -x*u. What is the units digit of u?
7
Let c(u) = u**2 - 7*u + 13. Let j be c(11). What is the units digit of (-1)/(j/29 - 2)?
9
Let a be -3 - (2 + -2) - (464 + 3). Let p = a + 661. What is the units digit of p?
1
Let j(g) = 57*g + 772. What is the hundreds digit of j(11)?
3
What is the tens digit of 60/160 - 14260/(-32)?
4
Suppose 3*q = -6, -4*w + 3*q = -3330 + 444. Suppose -f = 8*f - w. What is the tens digit of f?
8
Suppose j - 2*q - 5 = 6, 3*j - 19 = -q. Let p = -51 - -54. Suppose -11 - j = -3*s + p*k, -22 = -3*s + k. What is the units digit of s?
8
Let b(h) be the second derivative of -h**4/12 + 17*h**3/6 + 19*h**2/2 - 15*h. What is the units digit of b(17)?
9
Suppose -5*o - x + 1432 + 3242 = 0, 5*x + 4650 = 5*o. What is the tens digit of o?
3
Suppose 5*r + 0*m - 170 = 2*m, -2*m = 0. What is the tens digit of 1194/r + (20/85)/(-2)?
3
Let j(v) = 411*v**2 + 59*v - 7. What is the thousands digit of j(-4)?
6
Let u be 31/(-4 - -3 - -2). Suppose u = t - h, -3*t + 0*t = 2*h - 108. What is the tens digit of t?
3
Suppose -24*h = -27*h + 4*t + 5802, t = h - 1935. What is the thousands digit of h?
1
Let l(m) = m**3 + 10*m**2 + 9*m - 4. Let z be l(-9). What is the tens digit of 4 - (z + -244 + 5)?
4
Let g(n) = 20*n**2 - n**3 + 4 + 3 + 2*n**3 - n - 25*n**2. Let w be g(5). Suppose 3*o + 17 - 54 = -5*h, 0 = -w*o - 4*h + 22. What is the tens digit of o?
1
Let x = 72 + -12. Let l(n) = 14*n - 1. Let b be l(-2). Let a = b + x. What is the units digit of a?
1
Let m(i) be the third derivative of -i**5/60 - i**4/24 + 5*i**2. Let x(k) = 4*k**2 - k - 4. Let g(o) = 3*m(o) + x(o). What is the units digit of g(5)?
1
Let o(x) be the second derivative of 2*x**3/3 - x**2/2 - 6*x. What is the units digit of o(1)?
3
Let s(a) = 348*a**2 + 5*a + 6. What is the tens digit of s(-1)?
4
What is the hundreds digit of (-6)/(-33) - (-43920)/198?
2
Let h(w) = 9 + 0*w**2 + 0*w + 19*w + 3*w**2. What is the units digit of h(-6)?
3
Suppose -2*q + 1605 = -s, 0 = 2*s + 13 - 3. What is the hundreds digit of q?
8
Let f(b) = 141*b**2 - 3. What is the units digit of f(-2)?
1
Let l(n) = n**2 - 8*n + 6. Let u = 17 + -11. Let o be l(u). Let r = 4 - o. What is the units digit of r?
0
Suppose 0 = -h - 3*p + 4, -3*p = -3*h - 2*p + 2. Let v(o) = -o + 13*o**3 + 0*o + o**2 - 2 + 2*o + 1. What is the units digit of v(h)?
4
Let b(r) = -r**2 + 15*r. Let q be b(15). Suppose -3*s = -5*c + 262, 3*c - 154 = -q*c + 5*s. What is the tens digit of c?
5
Suppose 1633 = 14*o - 4023. What is the hundreds digit of o?
4
Let f(p) = p**3 - 11*p**2 + 10*p - 3. Let u be 6/18 - 29/(-3). Let s be f(u). What is the units digit of (s - -3)/1 - -38?
8
Suppose k + 10 = -r - 23, 4*r + 3*k = -137. Let n = -26 - r. Let p = n - 7. What is the units digit of p?
5
Let i(n) = -n**3 + 37*n**2 - 18*n - 67. What is the hundreds digit of i(36)?
5
Let r(n) = -n - 26. Suppose -3*a - 15 = 3*i, 3*i - 6 = 2*a + 4. Let f be r(i). Let p 